13, what is -5 - -a485363?
a48535b
In base 7, what is 35 + -136100?
-136032
In base 11, what is -7107461 - -3?
-7107459
In base 6, what is -5 + -14515102030?
-14515102035
In base 7, what is -26120006 - -34?
-26116642
In base 10, what is 4 - 8168593?
-8168589
In base 8, what is 66213242 + -1?
66213241
In base 3, what is -12012212211 + -10011121?
-12100001102
In base 8, what is -5412 - 1460?
-7072
In base 15, what is -4452c - 3?
-44530
In base 4, what is -2333 - -22020310?
22011311
In base 10, what is 895035 - 27?
895008
In base 6, what is 11025114413 - 4?
11025114405
In base 4, what is -12 + 332111330?
332111312
In base 10, what is 37992938 - -8?
37992946
In base 16, what is c + -6070c4?
-6070b8
In base 7, what is -15 + 200300402?
200300354
In base 16, what is 8a - 2ba?
-230
In base 12, what is 243 - -147690?
147913
In base 16, what is -7426 - 158?
-757e
In base 6, what is 155424 + -3102?
152322
In base 16, what is -191 + cdd?
b4c
In base 14, what is -285936 - 0?
-285936
In base 14, what is 4cb + -59dc?
-5511
In base 2, what is 10111100 - 11001001101101101?
-11001001010110001
In base 15, what is 23 - bb394?
-bb371
In base 12, what is 1b016 + 4066?
23080
In base 12, what is -115 + 108351?
108238
In base 13, what is -52b - -14b52?
14624
In base 10, what is 15258400 - 2?
15258398
In base 4, what is 2003 + 231311201?
231313210
In base 7, what is -1 - -10045160?
10045156
In base 6, what is -12035024 + 52?
-12034532
In base 6, what is -3 + -101041421?
-101041424
In base 6, what is -21114104300 + -2?
-21114104302
In base 14, what is 15dd - 1301?
2dc
In base 7, what is -162 - -105410?
105215
In base 4, what is 3 + 102213311223?
102213311232
In base 16, what is 676fb - 3?
676f8
In base 6, what is -355 + -1351454?
-1352253
In base 4, what is -310331111 + -3010?
-311000121
In base 8, what is 10334474 - -464?
10335160
In base 3, what is 2021 + 2100020020?
2100022111
In base 8, what is -35673703 - 24?
-35673727
In base 5, what is 2044 - 130101040?
-130043441
In base 3, what is -10201 - -210211112022?
210211101121
In base 6, what is -50550 + -104150?
-155140
In base 15, what is 1034c5 + -3?
1034c2
In base 2, what is 10111010 - 11001101111111?
-11001011000101
In base 11, what is -62 + -15738?
-1579a
In base 9, what is 42608432 + 4?
42608436
In base 10, what is -5 + -291009?
-291014
In base 12, what is -28 - 128083?
-1280ab
In base 6, what is 5233001514 - 4?
5233001510
In base 14, what is -1b - -7d66b9?
7d669c
In base 13, what is 9237ba8 + 16?
9237bc1
In base 13, what is -6a8 + -3432?
-3b0a
In base 11, what is -74068 - 913?
-74980
In base 5, what is -30001 - -2414430?
2334424
In base 2, what is -100110 + 111100101010110?
111100100110000
In base 16, what is -45c9 + -2a0?
-4869
In base 11, what is -721 + 12174?
11553
In base 5, what is -2230303131 - 113?
-2230303244
In base 7, what is -100042201 - 3?
-100042204
In base 2, what is -1101 - -11100001111110101111?
11100001111110100010
In base 13, what is 1c - 22951?
-22932
In base 6, what is 2500 - -3044252?
3051152
In base 15, what is 24 + 266e8c?
266eb1
In base 4, what is -2 - 200031331203?
-200031331211
In base 16, what is 18b2 - 4e68?
-35b6
In base 14, what is 3967 - 404?
3563
In base 4, what is -123 - 2133102122?
-2133102311
In base 10, what is 452 - -105346?
105798
In base 2, what is 1010111001000001011111001011 - 101?
1010111001000001011111000110
In base 2, what is -10011000010100011111110 - -100?
-10011000010100011111010
In base 16, what is -2178 - -5191?
3019
In base 4, what is 1030 - 210000201?
-203333111
In base 12, what is -624 + a3a2?
997a
In base 10, what is -2885 + -14983?
-17868
In base 6, what is 2 + -102554314?
-102554312
In base 5, what is -4034140 + -1321?
-4041011
In base 2, what is -1011010100101 - -1000110011010?
-10100001011
In base 11, what is 2972 - -735?
35a7
In base 9, what is 6351 + -2114?
4236
In base 15, what is -153520de - 0?
-153520de
In base 8, what is -71 + -1704713?
-1705004
In base 3, what is 10002211011 + -122?
10002210112
In base 9, what is 76622 - 51?
76561
In base 2, what is -10100100011110110 - 1111?
-10100100100000101
In base 2, what is 1100110111 - -101101100001?
111010011000
In base 16, what is 106 - -137940?
137a46
In base 9, what is 446125800 - -2?
446125802
In base 3, what is 2120 - 112122012212212?
-112122012210022
In base 11, what is 3012159 - 28?
3012131
In base 14, what is -222b078 + -2?
-222b07a
In base 5, what is -42231 - 440031?
-1032312
In base 10, what is -1270202 - 8?
-1270210
In base 13, what is -22c - -c37b1?
c3582
In base 14, what is -4a597 + -da?
-4a693
In base 12, what is 97 - 2ab944?
-2ab869
In base 12, what is 50 + -183b57?
-183b07
In base 3, what is 100202 - 222011101?
-221210122
In base 13, what is 7c62 - -1a9c?
9a31
In base 6, what is -544 + -113025?
-114013
In base 12, what is -37649168 - 4?
-37649170
In base 13, what is -2a - -131a90?
131a63
In base 15, what is -47e0 + 4aa2?
2b2
In base 9, what is 231784 - 7012?
223772
In base 11, what is 3a79782 + -3?
3a7977a
In base 13, what is 1378c26 - -25?
1378c4b
In base 12, what is -4 + 6196767?
6196763
In base 11, what is -87844 - -3?
-87841
In base 5, what is 43 + 130421031?
130421124
In base 11, what is -3 + 4353566?
4353563
In base 14, what is -38b3c5a2 - 5?
-38b3c5a7
In base 4, what is -32121123131 + -30?
-32121123221
In base 5, what is -1 - -400242020400?
400242020344
In base 5, what is 2134214343 - -102?
2134220000
In base 12, what is 97 - -18245?
18320
In base 12, what is -5 - 62755?
-6275a
In base 15, what is 4c30 - -343?
5073
In base 11, what is 168210 + a?
16821a
In base 8, what is 11445 - 4051?
5374
In base 12, what is -23 + 614567?
614544
In base 5, what is 30322040 + -112?
30321423
In base 11, what is 93 - 1889385?
-18892a2
In base 3, what is -1 - 21211102001121021?
-21211102001121022
In base 8, what is 6 - 217242504?
-217242476
In base 5, what is -4 - -432231314211?
432231314202
In base 2, what is 1110000 + -1010010011111100?
-1010010010001100
In base 5, what is 203 + 10301021?
10301224
In base 14, what is -d813594 + 1?
-d813593
In base 4, what is 1 - 22230333021001?
-22230333021000
In base 7, what is -2000303232 - -1?
-2000303231
In base 9, what is -123 + -11180065?
-11180188
In base 12, what is -19a24a62 + -5?
-19a24a67
In base 3, what is 10 - 111021021102020220?
-111021021102020210
In base 15, what is 51 + -5aa3c?
-5a9db
In base 10, what is 5 - 4936490?
-4936485
In base 14, what is d61c - -16?
d634
In base 13, what is 140a395 - 6?
140a38c
In base 10, what is -3 - 17441661?
-17441664
In base 11, what is 1119464 - -6?
111946a
In base 2, what is -1001111100000001100 - 11110101?
-1001111100100000001
In base 2, what is 10101011 - 11101100111010000101?
-11101100110111011010
In base 3, what is -220102212 + -2021222?
-222201211
In base 4, what is 10321121 + -200?
10320321
In base 5, what is -20 - -4140030424?
4140030404
In base 5, what is -3021043314100 - -2?
-3021043314043
In base 16, what is 21d76fd + 5?
21d7702
In base 12, what is 1a + -1661b?
-16601
In base 16, what is 284 - 851c?
-8298
In base 14, what is -30 + -968b0b?
-968b3b
In base 11, what is 136 - -6a563?
6a699
In base 14, what is 792c2 - 90?
79232
In base 4, what is -1020320 - 312030?
-1333010
In base 9, what is -1816766 + -8?
-1816775
In base 9, what is -11740 - 18264?
-31114
In base 9, what is -1068 - 32?
-1111
In base 13, what is -1 - -134395a9?
134395a8
In base 14, what is 8a723 - 155?
8a5ac
In base 13, what is -3 + 48bc65c?
48bc659
In base 2, what is 100101100000000000111110 + 111?
100101100000000001000101
In base 9, what is 50 + 1120007?
1120057
In base 7, what is -4 + 3130130451?
3130130444
In base 6, what is 4 + -33325501?
-33325453
In base 13, what is -581 - -cb222?
ca971
In base 12, what is -4a29 - 1b0?
-5019
In base 9, what is 228545153 - -1?
228545154
In base 11, what is 2 - -11513019?
11513020
In base 4, what is 11 - 3010100311322?
-3010100311311
In base 4, what is -1021332 - -111321?
-310011
In base 5, what is -3023240240 - 2?
-3023240242
In base 2, what is 101111011110011100111 + -101?
101111011110011100010
In base 10, what is 517007 + -245?
516762
In base 5, what is -14332230 + -1032?
-14333312
In base 3, what is 212100011 + 2120101?
221220112
In base 16, what is 7efb5 + 8?
7efbd
In base 10, what is 101 + 1413377?
